{"id":3,"date":"2021-12-17T15:05:03","date_gmt":"2021-12-17T15:05:03","guid":{"rendered":"http:\/\/scvernouillet.fr\/?page_id=3"},"modified":"2021-12-26T11:46:04","modified_gmt":"2021-12-26T11:46:04","slug":"privacy-policy","status":"publish","type":"page","link":"https:\/\/scvernouillet.fr\/?page_id=3","title":{"rendered":"Mentions l\u00e9gales"},"content":{"rendered":"<p><strong>Section Cycliste de Vernouillet<\/strong><br \/>\n9, rue Paul Doumer<br \/>\n78540 Vernouillet<br \/>\n<a href=\"https:\/\/scvernouillet.fr\">https:\/\/scvernouillet.fr<\/a><\/p>\n<p><strong>Directeur de la publication:<\/strong> <em>Dominique Lev\u00e9e <a href=\"mailto:president@scvernouillet.fr\">president@scvernouillet.fr<span id=\"cloaka46c3bdc79da8e7c1de3283f9ec920bb\"><\/span><\/a><br \/>\n<\/em><\/p>\n<p>Le site Internet de la <strong>Section Cycliste de Vernouillet<\/strong> (SCV) contient des liens hypertextes vers d&#8217;autres sites ou des renvois vers des informations g\u00e9r\u00e9es par des organismes publics ou priv\u00e9s. Ces liens et sources d&#8217;information sont mis \u00e0 votre disposition \u00e0 titre indicatif uniquement. Le site du SCV\u00a0 ne contr\u00f4le pas ces sites et les informations qui y figurent et ne peut donc offrir aucune garantie quant \u00e0 la qualit\u00e9 de ces informations. Le site du SCV d\u00e9cline toute responsabilit\u00e9 pour les dommages pouvant r\u00e9sulter de la consultation des informations pr\u00e9sentes sur les autres sites ou dans d&#8217;autres sources d&#8217;information en g\u00e9n\u00e9ral, et auxquelles renvoie le portail.<\/p>\n<p><strong>Droit \u00e0 l&#8217;image:<\/strong><\/p>\n<p>Les personnes dont les photos paraissent sur notre site acceptent tacitement d&#8217;y figurer. Dans le cas o\u00f9 des photos seraient publi\u00e9es sans que leur autorisation ait pu \u00eatre recueillie, le SCV consid\u00e8re que le consentement est pr\u00e9sum\u00e9 si la photo a \u00e9t\u00e9 prise au vu et au su de la personne sans qu&#8217;elle s&#8217;y soit oppos\u00e9e. N\u00e9anmoins, pour pr\u00e9server les libert\u00e9s individuelles de chacun, toute personne qui ne souhaiterait pas que soit fait usage de sa photo et\/ou de celle concernant le mineur dont il est le repr\u00e9sentant l\u00e9gal, peut exercer son droit de retrait en saisissant directement le responsable de la publication : <a href=\"mailto:president@scvernouillet.fr\">president@scvernouillet.fr<span id=\"cloaka46c3bdc79da8e7c1de3283f9ec920bb\"><\/span><\/a> .Le site internet la Section Cycliste de Vernouillet est h\u00e9berg\u00e9 par <a href=\"https:\/\/www.ionos.fr\">ionos<\/a><\/p>\n<p><strong>R\u00e8glement G\u00e9n\u00e9ral sur la Protection des Donn\u00e9es (RGPD):<\/strong><\/p>\n<p>Nous utilisons l\u2019adresse de messagerie que vous avez fournie lors de la prise de licence pour vous envoyer des informations. Vous \u00eates inform\u00e9s et acceptez que vos donn\u00e9es personnelles (Nom, pr\u00e9nom, adresse, num\u00e9ro de t\u00e9l\u00e9phone, adresse mail, num\u00e9ro de licence) puissent \u00eatre collect\u00e9es sur le site <a href=\"https:\/\/ffvelo.fr\">FFV\u00e9lo<\/a> de la FFCT et \u00eatre utilis\u00e9es par le SCV qui agit en qualit\u00e9 de responsable de traitement, au sens de la loi 78-17 du 6 janvier 1978 relative \u00e0 l\u2019Informatique, aux Fichiers et aux Libert\u00e9s,telle que modifi\u00e9e au 20 janvier 2017 et telle que modifi\u00e9e par le R\u00e8glement g\u00e9n\u00e9ral sur la protection des donn\u00e9es 2016\/679 en date du 27 avril 2016 (ci-apr\u00e8s la \u00ab Loi Informatique et Libert\u00e9s \u00bb).<\/p>\n<p>C\u2019est gr\u00e2ce \u00e0 ces donn\u00e9es que nous vous identifions et communiquons avec vous sur l\u2019activit\u00e9 de notre club.Nous restons ma\u00eetres de vos donn\u00e9es, \u00e0 aucun moment elles ne sont divulgu\u00e9es \u00e0 des tiers (annonceurs, v\u00e9locistes, magasins de sport) elles restent dans nos fichiers et vous pouvez les consulter, les faire modifier ou les faire supprimer \u00e0 votre convenance. Enfin, la l\u00e9gislation ou une proc\u00e9dure juridique peut \u00e9galement nous contraindre \u00e0 divulguer vos donn\u00e9es personnelles aux autorit\u00e9s comp\u00e9tentes. Si tel \u00e9tait le cas, nous vous en informerions. Sauf avis contraire de votre part d\u00fbment exprim\u00e9 par retour de mail ou de courrier adress\u00e9 au pr\u00e9sident du SCV vous consentez \u00e0 ce que nous traitions et sauvegardions vos donn\u00e9es personnelles aussi longtemps que n\u00e9cessaire.<\/p>\n<p><strong>Cookies:<\/strong><\/p>\n<p>Si vous visitez notre page de connexion, des cookies temporaires sont activ\u00e9s afin de d\u00e9terminer si votre navigateur accepte les cookies. Ces cookies ne contiennent pas d&#8217;information personnelle et seront effac\u00e9s \u00e0 la fermeture du navigateur.<\/p>\n<p>Lorsque vous vous connectez, des cookies sont enregistr\u00e9s pour sauvegarder vos informations de connexion et la taille de l&#8217;\u00e9cran choisi. Les cookies de connexion persistent 2 jours, ceux concernant la taille de l&#8217;\u00e9cran, un an. Si vous choisissez &#8221; se souvenir de moi&#8221;, vos informations de connexion persistent deux semaines, si vous vous d\u00e9connectez ces cookies sont effac\u00e9s.<\/p>\n<p>Si vous \u00e9ditez ou publiez un article, un cookie additionnel est enregistr\u00e9 dans votre navigateur, il n&#8217; inclut pas de donn\u00e9e personnelle, mais seulement un identifiant de l&#8217;article que vous avez \u00e9dit\u00e9. Il expire apr\u00e8s une journ\u00e9e.<\/p>\n<p>Le Pr\u00e9sident la Section Cycliste de Vernouillet<br \/>\n<em><strong>Dominique Lev\u00e9e\u00a0 <a href=\"mailto:president@scvernouillet.fr\">president@scvernouillet.fr<span id=\"cloaka46c3bdc79da8e7c1de3283f9ec920bb\"><\/span><\/a><\/strong><\/em><\/p>\n","protected":false},"excerpt":{"rendered":"<p>Section Cycliste de Vernouillet 9, rue Paul Doumer 78540 Vernouillet https:\/\/scvernouillet.fr Directeur de la publication: Dominique Lev\u00e9e president@scvernouillet.fr Le site Internet de la Section Cycliste de Vernouillet (SCV) contient des liens hypertextes vers d&#8217;autres sites ou des renvois vers des informations g\u00e9r\u00e9es par des organismes publics ou priv\u00e9s. Ces liens et sources d&#8217;information sont mis&#8230;<\/p>\n","protected":false},"author":1,"featured_media":0,"parent":0,"menu_order":0,"comment_status":"closed","ping_status":"open","template":"","meta":{"_kadence_starter_templates_imported_post":false,"_kad_post_transparent":"","_kad_post_title":"","_kad_post_layout":"","_kad_post_sidebar_id":"","_kad_post_content_style":"","_kad_post_vertical_padding":"","_kad_post_feature":"","_kad_post_feature_position":"","_kad_post_header":false,"_kad_post_footer":false,"footnotes":""},"class_list":["post-3","page","type-page","status-publish","hentry"],"_links":{"self":[{"href":"https:\/\/scvernouillet.fr\/index.php?rest_route=\/wp\/v2\/pages\/3","targetHints":{"allow":["GET"]}}],"collection":[{"href":"https:\/\/scvernouillet.fr\/index.php?rest_route=\/wp\/v2\/pages"}],"about":[{"href":"https:\/\/scvernouillet.fr\/index.php?rest_route=\/wp\/v2\/types\/page"}],"author":[{"embeddable":true,"href":"https:\/\/scvernouillet.fr\/index.php?rest_route=\/wp\/v2\/users\/1"}],"replies":[{"embeddable":true,"href":"https:\/\/scvernouillet.fr\/index.php?rest_route=%2Fwp%2Fv2%2Fcomments&post=3"}],"version-history":[{"count":2,"href":"https:\/\/scvernouillet.fr\/index.php?rest_route=\/wp\/v2\/pages\/3\/revisions"}],"predecessor-version":[{"id":487,"href":"https:\/\/scvernouillet.fr\/index.php?rest_route=\/wp\/v2\/pages\/3\/revisions\/487"}],"wp:attachment":[{"href":"https:\/\/scvernouillet.fr\/index.php?rest_route=%2Fwp%2Fv2%2Fmedia&parent=3"}],"curies":[{"name":"wp","href":"https:\/\/api.w.org\/{rel}","templated":true}]}}